{"id":1913,"date":"2023-05-11T23:08:31","date_gmt":"2023-05-12T02:08:31","guid":{"rendered":"https:\/\/xn--tuvozdiasporaespaola-k7b.com\/?page_id=1913"},"modified":"2026-01-20T20:20:38","modified_gmt":"2026-01-20T23:20:38","slug":"acerca-de","status":"publish","type":"page","link":"https:\/\/xn--tuvozdiasporaespaola-k7b.com\/page\/2\/acerca-de\/","title":{"rendered":"CON\u00d3CENOS&#8230;"},"content":{"rendered":"\n<p class=\"has-text-align-center has-background has-medium-font-size\" style=\"background:linear-gradient(135deg,rgb(254,205,165) 11%,rgb(254,45,45) 77%,rgb(107,0,62) 100%);font-style:normal;font-weight:900;letter-spacing:18px\">TU VOZ<\/p>\n\n\n\n<p class=\"has-text-align-center has-background has-small-font-size\" style=\"background:linear-gradient(135deg,rgb(254,205,165) 11%,rgb(254,45,45) 77%,rgb(107,0,62) 100%);font-style:normal;font-weight:900\">REVISTA DIGITAL DE COMUNICACI\u00d3N PLURAL Y LIBREDE LA DI\u00c1SPORA ESPA\u00d1OLA JUNTO A LATINOAM\u00c9RICA<\/p>\n\n\n\n<p class=\"has-text-align-center\">DESDE EL PORTAL TU VOZ . UNA REVISTA DIGITAL QUE TIENE IMPL\u00cdCITO EN SUS CIMIENTOS LA COMUNICACI\u00d3N  PLURAL Y LIBRE DE LA DI\u00c1SPORA ESPA\u00d1OLA JUNTO A AM\u00c9RICA DEL NORTE, SUR y CARIBE.<\/p>\n\n\n\n<p class=\"has-text-align-center\">De ah\u00ed que invitamos desde esta revista a la reflexi\u00f3n sobre la actividad pol\u00edtica en nuestros pa\u00edses americanos Europa y Espa\u00f1a, reflexi\u00f3n que no siempre ha existido a lo largo de la historia de nuestra cultura. <\/p>\n\n\n\n<p class=\"has-text-align-center\">Recalcaremos la acci\u00f3n pol\u00edtica como una actividad que nace con el hombre, desde el mismo momento en que, intereses contrapuestos, quieren imponer su voluntad y decisiones sobre los otros.<\/p>\n\n\n\n<p class=\"has-text-align-center\"> No podemos desconocer que la institucionalizaci\u00f3n pol\u00edtica ha dado lugar a la estructuraci\u00f3n de pueblos, ciudades y megal\u00f3polis, adem\u00e1s de producir la estratificaci\u00f3n de la sociedad en clases, en fin, en consolidar formas de gobierno de distinta \u00edndole. <\/p>\n\n\n\n<p class=\"has-text-align-center\">Pero la reflexi\u00f3n sobre este complejo proceso s\u00f3lo pertenece a un estad\u00edo avanzado de una civilizaci\u00f3n que ha intentado racionalizar los procesos sociales, hasta el punto de convertirlos en procesos \u00e9ticos y morales, de conducta pol\u00edtica aceptada y aceptable. <\/p>\n\n\n\n<p class=\"has-text-align-center\">Del mundo antiguo, desde antes de la \u00e9poca heroica de los griegos (S.XII a.C) se han construido categor\u00edas de pensamiento pol\u00edtico que hoy todav\u00eda seguimos utilizando, hasta tal punto que para nuestra cultura moderna se han convertido en puntos comunes de discusi\u00f3n. <\/p>\n\n\n\n<p class=\"has-text-align-center\">Palabras sustanciales como poder, pol\u00edtica, gobierno, igualdad, moral, democracia, tiran\u00eda, poder, movimiento, justicia, constituci\u00f3n, comunidad, individualidad, nacieron en el mundo antiguo y, especialmente, en el mundo griego cl\u00e1sico, y que hoy d\u00eda seguimos -y seguiremos en el futuro- utilizando y reflexionando sobre ellos. <\/p>\n\n\n\n<p class=\"has-text-align-center\">En Occidente este proceso racionalizador de la pol\u00edtica s\u00f3lo se alcanza con la aparici\u00f3n de la polis griega. Es en este mundo, entre sus debates filos\u00f3ficos, jur\u00eddicos y pol\u00edticos, donde logra nacer la pol\u00edtica como reflexi\u00f3n racional, sistem\u00e1tica y organizada. Con ella nace las distintas maneras de comprender la teor\u00eda pol\u00edtica. Es por esta raz\u00f3n que desde esta revista se propondr\u00e1n avistamientos diferentes sobre formas habituales.<\/p>\n\n\n\n<p class=\"has-text-align-center\"> Formas a las que pretendemos cambiar desde nuestra l\u00ednea editorial con las ideas de Podemos. Conviene aclarar, para no resultar sorprendidos, que no estaremos exentos de problemas al estudiar el nacimiento y consolidaci\u00f3n del pensamiento pol\u00edtico en el que estamos inmersos.<\/p>\n\n\n\n<p class=\"has-text-align-center\">No ser\u00e1 ajeno a esta revista todo aquello que conlleve y estimule el abordar los sistemas de pensamiento que pret\u00e9ritos, actuales y futuros. Se les asignar\u00e1 desde el inicio la problem\u00e1tica pol\u00edtica de su tiempo. Las ideas madre de Podemos podr\u00e1n ser resignificadas, con la libertad conceptual que es propia de nuestra agrupaci\u00f3n pol\u00edtica. Por estos motivos, la construcci\u00f3n de la pol\u00edtica como acci\u00f3n y reflexi\u00f3n ser\u00e1 el objetivo b\u00e1sico de nuestra revista, siendo consecuentes con la estrategia de an\u00e1lisis textual\/contextual que se proponga.<\/p>\n\n\n\n<p class=\"has-text-align-center\">Habr\u00e1 especialidades y pensamientos ligados con distintas culturas locales o de aquellas influencias de pasados hist\u00f3ricos que ha dejado determinadas huellas. Pero lo que cobra singular importancia es que esta revista digital no colectar\u00e1 solo el pensamiento y las opiniones del progresismo, sino que se propone &#8211; desde su simiente \u2013 ser un recipiente \u201cespectral\u201d, como conocimiento cient\u00edfico, de pensamientos de los distintos colectivos progresistas, en forma individual o plural.<\/p>\n\n\n\n<p class=\"has-text-align-center\">Los art\u00edculos siempre ser\u00e1n portadores de avances significativos respecto al grado de conocimiento que se tiene del tema al momento de ser presentado para su consideraci\u00f3n. Para no ser excluyentes, los art\u00edculos no siempre ser\u00e1n informaci\u00f3n, pensamiento, o ponencias, sino que solo deber\u00e1n aportar una nueva visi\u00f3n o citar nuevas fuentes documentales. Sin embargo debemos plantearnos \u00bfser\u00e1 nuestra revista una \u201ctabula rasa\u201d (Tabula rasa \u00abpizarra en blanco\u00bb; a veces traducida de forma incorrecta como \u00abTabla rasa\u00bb)? No, no lo ser\u00e1, pues cada uno y todos, abrevaremos en nuestros conocimientos y que, sin caer en el innatismo, les daremos forma para enriquecimiento de todos los compa\u00f1ero\/as.<\/p>\n\n\n\n<p class=\"has-background\" style=\"background:linear-gradient(135deg,rgb(254,205,165) 13%,rgb(254,45,45) 63%,rgb(107,0,62) 100%)\"><strong>EQUIPO DE LA REDACCI\u00d3N DE LA REVISTA TU VOZ <\/strong><\/p>\n\n\n\n<p>Walter Medina &#8211; Mar del Plata -Argentina<\/p>\n\n\n\n<p>Juan L\u00f3pez  &#8211; Argentina<\/p>\n\n\n\n<p>Julio Ortega Pous &#8211; Rep\u00fablica Dominicana<\/p>\n\n\n\n<p>Ximena Donamaria &#8211; Espa\u00f1a y Argentina<\/p>\n\n\n\n<p>Angel Maci\u00e1- Vietnam <\/p>\n\n\n\n<figure class=\"wp-block-gallery has-nested-images columns-4 is-cropped wp-block-gallery-2 is-layout-flex wp-block-gallery-is-layout-flex\">\n<figure class=\"wp-block-image size-large is-style-rounded\"><img fetchpriority=\"high\" decoding=\"async\" width=\"1024\" height=\"1012\" data-id=\"2344\" src=\"https:\/\/xn--tuvozdiasporaespaola-k7b.com\/wp-content\/uploads\/2023\/06\/Screenshot_20230618_195613_Gallery-1024x1012.jpg\" alt=\"\" class=\"wp-image-2344\" srcset=\"https:\/\/xn--tuvozdiasporaespaola-k7b.com\/wp-content\/uploads\/2023\/06\/Screenshot_20230618_195613_Gallery-1024x1012.jpg 1024w, https:\/\/xn--tuvozdiasporaespaola-k7b.com\/wp-content\/uploads\/2023\/06\/Screenshot_20230618_195613_Gallery-300x297.jpg 300w, https:\/\/xn--tuvozdiasporaespaola-k7b.com\/wp-content\/uploads\/2023\/06\/Screenshot_20230618_195613_Gallery-768x759.jpg 768w, https:\/\/xn--tuvozdiasporaespaola-k7b.com\/wp-content\/uploads\/2023\/06\/Screenshot_20230618_195613_Gallery.jpg 1068w\" sizes=\"(max-width: 1024px) 100vw, 1024px\" \/><figcaption class=\"wp-element-caption\"><strong><mark style=\"background-color:#cf2e2e\" class=\"has-inline-color has-white-color\"><em>Miguel \u00c1ngel Ferris <\/em><\/mark><\/strong><br><strong><mark style=\"background-color:#cf2e2e\" class=\"has-inline-color has-white-color\"><em>Francia<\/em><\/mark><\/strong><\/figcaption><\/figure>\n\n\n\n<figure class=\"wp-block-image size-large is-style-rounded\"><img decoding=\"async\" width=\"1024\" height=\"961\" data-id=\"2345\" src=\"https:\/\/xn--tuvozdiasporaespaola-k7b.com\/wp-content\/uploads\/2023\/06\/Screenshot_20230618_195255_Gallery-1024x961.jpg\" alt=\"\" class=\"wp-image-2345\" srcset=\"https:\/\/xn--tuvozdiasporaespaola-k7b.com\/wp-content\/uploads\/2023\/06\/Screenshot_20230618_195255_Gallery-1024x961.jpg 1024w, https:\/\/xn--tuvozdiasporaespaola-k7b.com\/wp-content\/uploads\/2023\/06\/Screenshot_20230618_195255_Gallery-300x282.jpg 300w, https:\/\/xn--tuvozdiasporaespaola-k7b.com\/wp-content\/uploads\/2023\/06\/Screenshot_20230618_195255_Gallery-768x721.jpg 768w, https:\/\/xn--tuvozdiasporaespaola-k7b.com\/wp-content\/uploads\/2023\/06\/Screenshot_20230618_195255_Gallery.jpg 1080w\" sizes=\"(max-width: 1024px) 100vw, 1024px\" \/><\/figure>\n\n\n\n<figure class=\"wp-block-image size-large is-style-rounded\"><img decoding=\"async\" width=\"1024\" height=\"1003\" data-id=\"2343\" src=\"https:\/\/xn--tuvozdiasporaespaola-k7b.com\/wp-content\/uploads\/2023\/06\/Screenshot_20230618_195235_Gallery-1024x1003.jpg\" alt=\"\" class=\"wp-image-2343\" srcset=\"https:\/\/xn--tuvozdiasporaespaola-k7b.com\/wp-content\/uploads\/2023\/06\/Screenshot_20230618_195235_Gallery-1024x1003.jpg 1024w, https:\/\/xn--tuvozdiasporaespaola-k7b.com\/wp-content\/uploads\/2023\/06\/Screenshot_20230618_195235_Gallery-300x294.jpg 300w, https:\/\/xn--tuvozdiasporaespaola-k7b.com\/wp-content\/uploads\/2023\/06\/Screenshot_20230618_195235_Gallery-768x752.jpg 768w, https:\/\/xn--tuvozdiasporaespaola-k7b.com\/wp-content\/uploads\/2023\/06\/Screenshot_20230618_195235_Gallery.jpg 1080w\" sizes=\"(max-width: 1024px) 100vw, 1024px\" \/><figcaption class=\"wp-element-caption\"><strong><mark style=\"background-color:#cf2e2e\" class=\"has-inline-color has-white-color\"><em>Alex Flores <\/em><\/mark><\/strong><br><strong><mark style=\"background-color:#cf2e2e\" class=\"has-inline-color has-white-color\"><em>Ecuador<\/em><\/mark><\/strong><\/figcaption><\/figure>\n\n\n\n<figure class=\"wp-block-image size-large is-style-rounded\"><img loading=\"lazy\" decoding=\"async\" width=\"873\" height=\"1024\" data-id=\"2347\" src=\"https:\/\/xn--tuvozdiasporaespaola-k7b.com\/wp-content\/uploads\/2023\/06\/Screenshot_20230618_195228_Gallery-873x1024.jpg\" alt=\"\" class=\"wp-image-2347\" srcset=\"https:\/\/xn--tuvozdiasporaespaola-k7b.com\/wp-content\/uploads\/2023\/06\/Screenshot_20230618_195228_Gallery-873x1024.jpg 873w, https:\/\/xn--tuvozdiasporaespaola-k7b.com\/wp-content\/uploads\/2023\/06\/Screenshot_20230618_195228_Gallery-256x300.jpg 256w, https:\/\/xn--tuvozdiasporaespaola-k7b.com\/wp-content\/uploads\/2023\/06\/Screenshot_20230618_195228_Gallery-768x901.jpg 768w, https:\/\/xn--tuvozdiasporaespaola-k7b.com\/wp-content\/uploads\/2023\/06\/Screenshot_20230618_195228_Gallery.jpg 1080w\" sizes=\"(max-width: 873px) 100vw, 873px\" \/><figcaption class=\"wp-element-caption\"><strong><mark style=\"background-color:#cf2e2e\" class=\"has-inline-color has-white-color\"><em>Carolina Valencia Colombia<\/em><\/mark><\/strong><\/figcaption><\/figure>\n\n\n\n<figure class=\"wp-block-image size-large is-style-rounded\"><img loading=\"lazy\" decoding=\"async\" width=\"1024\" height=\"978\" data-id=\"2346\" src=\"https:\/\/xn--tuvozdiasporaespaola-k7b.com\/wp-content\/uploads\/2023\/06\/Screenshot_20230618_195154_Gallery-1024x978.jpg\" alt=\"\" class=\"wp-image-2346\" srcset=\"https:\/\/xn--tuvozdiasporaespaola-k7b.com\/wp-content\/uploads\/2023\/06\/Screenshot_20230618_195154_Gallery-1024x978.jpg 1024w, https:\/\/xn--tuvozdiasporaespaola-k7b.com\/wp-content\/uploads\/2023\/06\/Screenshot_20230618_195154_Gallery-300x287.jpg 300w, https:\/\/xn--tuvozdiasporaespaola-k7b.com\/wp-content\/uploads\/2023\/06\/Screenshot_20230618_195154_Gallery-768x734.jpg 768w, https:\/\/xn--tuvozdiasporaespaola-k7b.com\/wp-content\/uploads\/2023\/06\/Screenshot_20230618_195154_Gallery.jpg 1080w\" sizes=\"(max-width: 1024px) 100vw, 1024px\" \/><\/figure>\n\n\n\n<figure class=\"wp-block-image size-large is-style-rounded\"><img loading=\"lazy\" decoding=\"async\" width=\"763\" height=\"1024\" data-id=\"2354\" src=\"https:\/\/xn--tuvozdiasporaespaola-k7b.com\/wp-content\/uploads\/2023\/06\/Screenshot_20230618_195138_Gallery-763x1024.jpg\" alt=\"\" class=\"wp-image-2354\" srcset=\"https:\/\/xn--tuvozdiasporaespaola-k7b.com\/wp-content\/uploads\/2023\/06\/Screenshot_20230618_195138_Gallery-763x1024.jpg 763w, https:\/\/xn--tuvozdiasporaespaola-k7b.com\/wp-content\/uploads\/2023\/06\/Screenshot_20230618_195138_Gallery-223x300.jpg 223w, https:\/\/xn--tuvozdiasporaespaola-k7b.com\/wp-content\/uploads\/2023\/06\/Screenshot_20230618_195138_Gallery-768x1031.jpg 768w, https:\/\/xn--tuvozdiasporaespaola-k7b.com\/wp-content\/uploads\/2023\/06\/Screenshot_20230618_195138_Gallery.jpg 978w\" sizes=\"(max-width: 763px) 100vw, 763px\" \/><figcaption class=\"wp-element-caption\">Walter Medina <\/figcaption><\/figure>\n\n\n\n<figure class=\"wp-block-image size-large is-style-rounded\"><img loading=\"lazy\" decoding=\"async\" width=\"691\" height=\"1024\" data-id=\"2351\" src=\"https:\/\/xn--tuvozdiasporaespaola-k7b.com\/wp-content\/uploads\/2023\/06\/Screenshot_20230618_195128_Gallery-691x1024.jpg\" alt=\"\" class=\"wp-image-2351\" srcset=\"https:\/\/xn--tuvozdiasporaespaola-k7b.com\/wp-content\/uploads\/2023\/06\/Screenshot_20230618_195128_Gallery-691x1024.jpg 691w, https:\/\/xn--tuvozdiasporaespaola-k7b.com\/wp-content\/uploads\/2023\/06\/Screenshot_20230618_195128_Gallery-202x300.jpg 202w, https:\/\/xn--tuvozdiasporaespaola-k7b.com\/wp-content\/uploads\/2023\/06\/Screenshot_20230618_195128_Gallery-768x1138.jpg 768w, https:\/\/xn--tuvozdiasporaespaola-k7b.com\/wp-content\/uploads\/2023\/06\/Screenshot_20230618_195128_Gallery-1036x1536.jpg 1036w, https:\/\/xn--tuvozdiasporaespaola-k7b.com\/wp-content\/uploads\/2023\/06\/Screenshot_20230618_195128_Gallery.jpg 1051w\" sizes=\"(max-width: 691px) 100vw, 691px\" \/><figcaption class=\"wp-element-caption\"><strong><mark style=\"background-color:#cf2e2e\" class=\"has-inline-color has-white-color\"><em>M\u00f3nica Cortizas <\/em><\/mark><\/strong><br><strong><mark style=\"background-color:#cf2e2e\" class=\"has-inline-color has-white-color\"><em>Argentina<\/em><\/mark><\/strong><\/figcaption><\/figure>\n\n\n\n<figure class=\"wp-block-image size-large is-style-rounded\"><img loading=\"lazy\" decoding=\"async\" width=\"793\" height=\"1024\" data-id=\"2352\" src=\"https:\/\/xn--tuvozdiasporaespaola-k7b.com\/wp-content\/uploads\/2023\/06\/Screenshot_20230618_195117_Gallery-793x1024.jpg\" alt=\"\" class=\"wp-image-2352\" srcset=\"https:\/\/xn--tuvozdiasporaespaola-k7b.com\/wp-content\/uploads\/2023\/06\/Screenshot_20230618_195117_Gallery-793x1024.jpg 793w, https:\/\/xn--tuvozdiasporaespaola-k7b.com\/wp-content\/uploads\/2023\/06\/Screenshot_20230618_195117_Gallery-232x300.jpg 232w, https:\/\/xn--tuvozdiasporaespaola-k7b.com\/wp-content\/uploads\/2023\/06\/Screenshot_20230618_195117_Gallery-768x991.jpg 768w, https:\/\/xn--tuvozdiasporaespaola-k7b.com\/wp-content\/uploads\/2023\/06\/Screenshot_20230618_195117_Gallery.jpg 966w\" sizes=\"(max-width: 793px) 100vw, 793px\" \/><figcaption class=\"wp-element-caption\">XIMENA DONAMAR\u00cdA <\/figcaption><\/figure>\n\n\n\n<figure class=\"wp-block-image size-large is-style-rounded\"><img loading=\"lazy\" decoding=\"async\" width=\"754\" height=\"738\" data-id=\"2349\" src=\"https:\/\/xn--tuvozdiasporaespaola-k7b.com\/wp-content\/uploads\/2023\/06\/Screenshot_20230618_195105_Gallery.jpg\" alt=\"\" class=\"wp-image-2349\" srcset=\"https:\/\/xn--tuvozdiasporaespaola-k7b.com\/wp-content\/uploads\/2023\/06\/Screenshot_20230618_195105_Gallery.jpg 754w, https:\/\/xn--tuvozdiasporaespaola-k7b.com\/wp-content\/uploads\/2023\/06\/Screenshot_20230618_195105_Gallery-300x294.jpg 300w\" sizes=\"(max-width: 754px) 100vw, 754px\" \/><figcaption class=\"wp-element-caption\">JULIO ORTEGA <\/figcaption><\/figure>\n\n\n\n<figure class=\"wp-block-image size-large is-style-rounded\"><img loading=\"lazy\" decoding=\"async\" width=\"701\" height=\"1024\" data-id=\"2350\" src=\"https:\/\/xn--tuvozdiasporaespaola-k7b.com\/wp-content\/uploads\/2023\/06\/Screenshot_20230618_195050_Gallery-701x1024.jpg\" alt=\"\" class=\"wp-image-2350\" srcset=\"https:\/\/xn--tuvozdiasporaespaola-k7b.com\/wp-content\/uploads\/2023\/06\/Screenshot_20230618_195050_Gallery-701x1024.jpg 701w, https:\/\/xn--tuvozdiasporaespaola-k7b.com\/wp-content\/uploads\/2023\/06\/Screenshot_20230618_195050_Gallery-205x300.jpg 205w, https:\/\/xn--tuvozdiasporaespaola-k7b.com\/wp-content\/uploads\/2023\/06\/Screenshot_20230618_195050_Gallery-768x1122.jpg 768w, https:\/\/xn--tuvozdiasporaespaola-k7b.com\/wp-content\/uploads\/2023\/06\/Screenshot_20230618_195050_Gallery.jpg 959w\" sizes=\"(max-width: 701px) 100vw, 701px\" \/><figcaption class=\"wp-element-caption\"><mark style=\"background-color:#cf2e2e\" class=\"has-inline-color has-white-color\"><strong><em>Adriana Fonseca <\/em><\/strong><\/mark><br><mark style=\"background-color:#cf2e2e\" class=\"has-inline-color has-white-color\"><strong><em>Argentina<\/em><\/strong><\/mark><\/figcaption><\/figure>\n\n\n\n<figure class=\"wp-block-image size-medium is-style-rounded\"><img loading=\"lazy\" decoding=\"async\" width=\"300\" height=\"260\" data-id=\"2353\" src=\"https:\/\/xn--tuvozdiasporaespaola-k7b.com\/wp-content\/uploads\/2023\/06\/Screenshot_20230618_195011_Gallery-300x260.jpg\" alt=\"\" class=\"wp-image-2353\" srcset=\"https:\/\/xn--tuvozdiasporaespaola-k7b.com\/wp-content\/uploads\/2023\/06\/Screenshot_20230618_195011_Gallery-300x260.jpg 300w, https:\/\/xn--tuvozdiasporaespaola-k7b.com\/wp-content\/uploads\/2023\/06\/Screenshot_20230618_195011_Gallery-1024x888.jpg 1024w, https:\/\/xn--tuvozdiasporaespaola-k7b.com\/wp-content\/uploads\/2023\/06\/Screenshot_20230618_195011_Gallery-768x666.jpg 768w, https:\/\/xn--tuvozdiasporaespaola-k7b.com\/wp-content\/uploads\/2023\/06\/Screenshot_20230618_195011_Gallery.jpg 1080w\" sizes=\"(max-width: 300px) 100vw, 300px\" \/><figcaption class=\"wp-element-caption\"><mark style=\"background-color:#cf2e2e\" class=\"has-inline-color has-white-color\"><strong><em>Noelia Morinigo<\/em><\/strong><\/mark><em><strong><mark style=\"background-color:#cf2e2e\" class=\"has-inline-color has-white-color\"> <\/mark><\/strong><\/em><br><em><strong><mark style=\"background-color:#cf2e2e\" class=\"has-inline-color has-white-color\">Argentina<\/mark><\/strong><\/em><\/figcaption><\/figure>\n\n\n\n<figure class=\"wp-block-image size-large is-style-rounded wp-duotone-unset-1\"><img loading=\"lazy\" decoding=\"async\" width=\"1024\" height=\"673\" data-id=\"2355\" src=\"https:\/\/xn--tuvozdiasporaespaola-k7b.com\/wp-content\/uploads\/2023\/06\/20230405_155259-1024x673.jpg\" alt=\"\" class=\"wp-image-2355\" srcset=\"https:\/\/xn--tuvozdiasporaespaola-k7b.com\/wp-content\/uploads\/2023\/06\/20230405_155259-1024x673.jpg 1024w, https:\/\/xn--tuvozdiasporaespaola-k7b.com\/wp-content\/uploads\/2023\/06\/20230405_155259-300x197.jpg 300w, https:\/\/xn--tuvozdiasporaespaola-k7b.com\/wp-content\/uploads\/2023\/06\/20230405_155259-768x505.jpg 768w, https:\/\/xn--tuvozdiasporaespaola-k7b.com\/wp-content\/uploads\/2023\/06\/20230405_155259-1536x1009.jpg 1536w, https:\/\/xn--tuvozdiasporaespaola-k7b.com\/wp-content\/uploads\/2023\/06\/20230405_155259-2048x1346.jpg 2048w\" sizes=\"(max-width: 1024px) 100vw, 1024px\" \/><figcaption class=\"wp-element-caption\"><strong><mark style=\"background-color:#cf2e2e\" class=\"has-inline-color has-white-color\"><em>Francisco L\u00f3pez &#8211; Argentina<\/em><\/mark><\/strong><\/figcaption><\/figure>\n<\/figure>\n\n\n\n<figure class=\"wp-block-gallery has-nested-images columns-default is-cropped wp-block-gallery-3 is-layout-flex wp-block-gallery-is-layout-flex\">\n<figure class=\"wp-block-image size-large is-style-rounded\"><img loading=\"lazy\" decoding=\"async\" width=\"910\" height=\"1024\" data-id=\"5124\" src=\"https:\/\/xn--tuvozdiasporaespaola-k7b.com\/wp-content\/uploads\/2024\/03\/IMG_20240306_081815_802-1-910x1024.jpg\" alt=\"\" class=\"wp-image-5124\" srcset=\"https:\/\/xn--tuvozdiasporaespaola-k7b.com\/wp-content\/uploads\/2024\/03\/IMG_20240306_081815_802-1-910x1024.jpg 910w, https:\/\/xn--tuvozdiasporaespaola-k7b.com\/wp-content\/uploads\/2024\/03\/IMG_20240306_081815_802-1-267x300.jpg 267w, https:\/\/xn--tuvozdiasporaespaola-k7b.com\/wp-content\/uploads\/2024\/03\/IMG_20240306_081815_802-1-768x864.jpg 768w, https:\/\/xn--tuvozdiasporaespaola-k7b.com\/wp-content\/uploads\/2024\/03\/IMG_20240306_081815_802-1.jpg 996w\" sizes=\"(max-width: 910px) 100vw, 910px\" \/><figcaption class=\"wp-element-caption\">\u00c1ngel Maci\u00e1<br>Doctorando en Sociedad, Desarrollo y Relaciones Laborales<br>Escuela Internacional de Doctorado. Universidad de Murcia<br>Cruz de la Orden al M\u00e9rito Civil, Vietnam <\/figcaption><\/figure>\n<\/figure>\n\n\n\n<figure class=\"wp-block-image size-full is-style-rounded\"><img loading=\"lazy\" decoding=\"async\" width=\"640\" height=\"640\" src=\"https:\/\/xn--tuvozdiasporaespaola-k7b.com\/wp-content\/uploads\/2026\/01\/1000434546-7.jpg\" alt=\"\" class=\"wp-image-12027\" srcset=\"https:\/\/xn--tuvozdiasporaespaola-k7b.com\/wp-content\/uploads\/2026\/01\/1000434546-7.jpg 640w, https:\/\/xn--tuvozdiasporaespaola-k7b.com\/wp-content\/uploads\/2026\/01\/1000434546-7-300x300.jpg 300w, https:\/\/xn--tuvozdiasporaespaola-k7b.com\/wp-content\/uploads\/2026\/01\/1000434546-7-150x150.jpg 150w\" sizes=\"(max-width: 640px) 100vw, 640px\" \/><figcaption class=\"wp-element-caption\">Fernando Ortega, El Bergued\u00e1,  Catalunya <\/figcaption><\/figure>\n\n\n\n<figure class=\"wp-block-image size-large is-style-rounded\"><img loading=\"lazy\" decoding=\"async\" width=\"924\" height=\"1024\" src=\"https:\/\/xn--tuvozdiasporaespaola-k7b.com\/wp-content\/uploads\/2026\/01\/Screenshot_20250217_140448_Gallery-924x1024.jpg\" alt=\"\" class=\"wp-image-12028\" srcset=\"https:\/\/xn--tuvozdiasporaespaola-k7b.com\/wp-content\/uploads\/2026\/01\/Screenshot_20250217_140448_Gallery-924x1024.jpg 924w, https:\/\/xn--tuvozdiasporaespaola-k7b.com\/wp-content\/uploads\/2026\/01\/Screenshot_20250217_140448_Gallery-271x300.jpg 271w, https:\/\/xn--tuvozdiasporaespaola-k7b.com\/wp-content\/uploads\/2026\/01\/Screenshot_20250217_140448_Gallery-768x851.jpg 768w, https:\/\/xn--tuvozdiasporaespaola-k7b.com\/wp-content\/uploads\/2026\/01\/Screenshot_20250217_140448_Gallery.jpg 976w\" sizes=\"(max-width: 924px) 100vw, 924px\" \/><\/figure>\n\n\n\n<p>Isabel Segovia,  M\u00e9xico <\/p>\n\n\n\n<figure class=\"wp-block-image size-large\"><img loading=\"lazy\" decoding=\"async\" width=\"1024\" height=\"991\" src=\"https:\/\/xn--tuvozdiasporaespaola-k7b.com\/wp-content\/uploads\/2026\/01\/Screenshot_20250109_120357_Photos-1024x991.jpg\" alt=\"\" class=\"wp-image-12029\" srcset=\"https:\/\/xn--tuvozdiasporaespaola-k7b.com\/wp-content\/uploads\/2026\/01\/Screenshot_20250109_120357_Photos-1024x991.jpg 1024w, https:\/\/xn--tuvozdiasporaespaola-k7b.com\/wp-content\/uploads\/2026\/01\/Screenshot_20250109_120357_Photos-300x290.jpg 300w, https:\/\/xn--tuvozdiasporaespaola-k7b.com\/wp-content\/uploads\/2026\/01\/Screenshot_20250109_120357_Photos-768x743.jpg 768w, https:\/\/xn--tuvozdiasporaespaola-k7b.com\/wp-content\/uploads\/2026\/01\/Screenshot_20250109_120357_Photos.jpg 1080w\" sizes=\"(max-width: 1024px) 100vw, 1024px\" \/><figcaption class=\"wp-element-caption\">Jesus Rivero &#8211; Rosario , Argentina <\/figcaption><\/figure>\n","protected":false},"excerpt":{"rendered":"<p>TU VOZ REVISTA DIGITAL DE COMUNICACI\u00d3N PLURAL Y LIBREDE LA DI\u00c1SPORA ESPA\u00d1OLA JUNTO A LATINOAM\u00c9RICA DESDE EL PORTAL TU VOZ . UNA REVISTA DIGITAL &#8230; <\/p>\n<p class=\"read-more-container\"><a title=\"CON\u00d3CENOS&#8230;\" class=\"read-more button\" href=\"https:\/\/xn--tuvozdiasporaespaola-k7b.com\/page\/2\/acerca-de\/#more-1913\" aria-label=\"M\u00e1s en CON\u00d3CENOS&#8230;\">Leer m\u00e1s<\/a><\/p>\n","protected":false},"author":222560522,"featured_media":2573,"parent":0,"menu_order":0,"comment_status":"closed","ping_status":"closed","template":"","meta":{"footnotes":""},"class_list":["post-1913","page","type-page","status-publish","has-post-thumbnail","hentry","resize-featured-image"],"_links":{"self":[{"href":"https:\/\/xn--tuvozdiasporaespaola-k7b.com\/page\/2\/wp-json\/wp\/v2\/pages\/1913","targetHints":{"allow":["GET"]}}],"collection":[{"href":"https:\/\/xn--tuvozdiasporaespaola-k7b.com\/page\/2\/wp-json\/wp\/v2\/pages"}],"about":[{"href":"https:\/\/xn--tuvozdiasporaespaola-k7b.com\/page\/2\/wp-json\/wp\/v2\/types\/page"}],"author":[{"embeddable":true,"href":"https:\/\/xn--tuvozdiasporaespaola-k7b.com\/page\/2\/wp-json\/wp\/v2\/users\/222560522"}],"replies":[{"embeddable":true,"href":"https:\/\/xn--tuvozdiasporaespaola-k7b.com\/page\/2\/wp-json\/wp\/v2\/comments?post=1913"}],"version-history":[{"count":4,"href":"https:\/\/xn--tuvozdiasporaespaola-k7b.com\/page\/2\/wp-json\/wp\/v2\/pages\/1913\/revisions"}],"predecessor-version":[{"id":12030,"href":"https:\/\/xn--tuvozdiasporaespaola-k7b.com\/page\/2\/wp-json\/wp\/v2\/pages\/1913\/revisions\/12030"}],"wp:featuredmedia":[{"embeddable":true,"href":"https:\/\/xn--tuvozdiasporaespaola-k7b.com\/page\/2\/wp-json\/wp\/v2\/media\/2573"}],"wp:attachment":[{"href":"https:\/\/xn--tuvozdiasporaespaola-k7b.com\/page\/2\/wp-json\/wp\/v2\/media?parent=1913"}],"curies":[{"name":"wp","href":"https:\/\/api.w.org\/{rel}","templated":true}]}}